e tens digit of o?
4
Let x(n) be the first derivative of -n**3/6 + n**2 + n + 1. Let g(i) be the first derivative of x(i). What is the units digit of g(-7)?
9
Suppose 10 = 3*v + 1. Suppose t = v, -7 = d + d - 5*t. What is the units digit of d?
4
Suppose -s - 5*q + 2 - 7 = 0, s + 3*q = -5. Let n = s - -5. Suppose n = -5*y + 30 + 25. What is the tens digit of y?
1
Let j = 6 - -2. Let v = j - 0. What is the units digit of v?
8
Let t(v) = -5. Let f(d) = -d + 1. Let l(o) = -2*f(o) + t(o). Suppose -2*i + b = 2*b - 15, 0 = -b + 3. What is the units digit of l(i)?
5
Suppose 4*r - z + 140 = 5*r, -r = 5*z - 136. What is the tens digit of r?
4
Suppose 2*i = 33 + 81. What is the tens digit of i?
5
Let m = -3 + 5. What is the units digit of 14 + 0 + -4 + m?
2
Let a = 5 - 1. Suppose -8 + 0 = -a*j. What is the units digit of j?
2
Let n = -5 + 20. Suppose 112 = 3*q - 2*a, -a = 3*q - 100 - n. What is the tens digit of q?
3
Let k = -89 + 135. What is the units digit of k?
6
Let i(s) = 63*s**2 - 2*s + 1. What is the hundreds digit of i(-2)?
2
Suppose 5*y + 558 = 11*y. What is the units digit of y?
3
Suppose -v = -0*v - 4*k - 63, -5*v - k = -231. Suppose -v + 14 = -2*m + z, 5*m + 4*z - 89 = 0. What is the tens digit of m?
1
Let h = -3 + -6. Let w be 1/4 - ((-195)/12)/(-5). What is the units digit of 1 + h/(0 + w)?
4
Let d(w) = 3*w**2 - 6*w - 5. What is the hundreds digit of d(7)?
1
Let d = 6 + -3. Let f(g) = 7*g**2 + 2*g**3 - d*g**2 - g**3 + 4*g + g**2. What is the units digit of f(-3)?
6
Suppose 4*v - 208 = -5*r + r, 0 = -5*r + 2*v + 288. What is the units digit of r?
6
Suppose 3*i = -5*p + 166, 0 = -4*i + 3*p + 401 - 141. Suppose 4*f - 78 = i. What is the units digit of f?
5
Let q(l) = -2*l. Let n(c) = -c - 5. Let r be n(-4). Let h be q(r). What is the units digit of -1*h/(-2) + 0?
1
Let h(x) = -x**3 - 5*x**2 + 5*x + 6. Let a be h(-6). What is the units digit of (0 + 57/a)*4?
9
Let x = 24 - 21. What is the units digit of x?
3
What is the units digit of 4/7 - (1290/(-21) + 0)?
2
Suppose 7*l - 2*l - 180 = 3*q, 0 = -2*l + 3*q + 72. What is the tens digit of l?
3
Suppose 10*r - 1164 = 4*r. What is the tens digit of r?
9
Let o(l) = 3*l + 3 - 1 + 0 - 11*l. What is the units digit of o(-4)?
4
Let h(q) = 2*q + 75. What is the units digit of h(0)?
5
Let p(f) = -f. Let s(i) = -2*i + 2. Let h(a) = 3*p(a) - s(a). Let w be h(-7). Let y = w - -5. What is the units digit of y?
0
Let c(o) = -2*o. Let u = -1 + -3. What is the units digit of c(u)?
8
What is the hundreds digit of -1 - (0 + 109)/(-1)?
1
Let k(x) be the third derivative of x**7/5040 + x**6/60 - x**5/60 + x**2. Let o(n) be the third derivative of k(n). What is the units digit of o(-5)?
7
Let x(r) = 6*r + 7*r**2 - 14*r - 1 + 3*r - r**3. Let a(t) = -6*t. Let n be a(-1). What is the units digit of x(n)?
5
Suppose -9*s + 16*s = 490. What is the units digit of s?
0
Let i(c) = c**3 + c**2 + c - 5. Let z be i(0). What is the tens digit of (4/z)/((-1)/20)?
1
Let o(w) be the first derivative of w**2/2 - 5*w + 3. Let q be o(7). Suppose 5 + 5 = q*n. What is the units digit of n?
5
Suppose 7 = -2*z - q, 2*z = 4*q + 5 + 13. What is the units digit of (z + 5)/(1/1)?
4
Let h(p) = -p**2 - 9*p + 4. Let o be h(-5). Let u = o + -6. What is the units digit of (-2)/u*-3*12?
4
Let c = 1 + 2. Let t be 20 - 0 - (0 - 1). Suppose 0 = 3*w - 5*v - t + 1, 4*v = c*w - 19. What is the units digit of w?
5
Let t = -119 - -134. What is the tens digit of t?
1
What is the units digit of (3 + (-87)/9)*312/(-20)?
4
Let v(c) = 2*c**3 - c**2 - c + 1. Let s be v(1). Let r = s - 1. Suppose 2*q - 2*w - 5 - 3 = r, -4*q + w = -13. What is the units digit of q?
3
Let l(p) = -15*p - 29. Let x(k) = 8*k + 15. Let i(q) = 6*l(q) + 11*x(q). What is the tens digit of i(-14)?
1
Let v(i) = i**3 - 6*i**2 - 5*i + 10. Let t be v(7). Let j = -18 - -6. Let g = t + j. What is the units digit of g?
2
Let l be ((-2)/(-5))/(3/30). Suppose 3*z + l*h = 5*z - 4, 0 = 4*z + 3*h - 41. What is the units digit of z?
8
Let u be 1/2*(-15 + -11). Let t(w) = -22*w**3 + 2*w**2 + 2*w + 1. Let h be t(-1). Let d = h + u. What is the tens digit of d?
1
What is the tens digit of 10/(-1)*-3*15/18?
2
Let x = -6 + 8. Suppose -3*p - 4*s + 6 = -x, -p + 2*s + 16 = 0. Suppose -3*k + 10 = -p. What is the units digit of k?
6
Let l = 170 - 42. What is the units digit of l?
8
Let k = 13 - 27. What is the units digit of (-24)/k*63/18?
6
Suppose 4 = 2*t - 2. Suppose q - t = -5*k - 1, 0 = -4*k - 4. Let d(g) = g**3 - 7*g**2 + g - 2. What is the units digit of d(q)?
5
Suppose 140 = -m + 3*m. Suppose 2*w + 5*r - 10 = w, 4*w = -5*r + m. What is the units digit of w?
0
Suppose 4 = 2*l, -3*l - 10 = 2*o - 4. What is the units digit of (56/(-24))/(2/o)?
7
What is the tens digit of 87*12/(-18)*(1 + -2)?
5
Let c(k) = 0*k - 2 - k - 2*k - 2. What is the units digit of c(-6)?
4
Let m(o) = -o**2 - 14*o - 2. What is the units digit of m(-9)?
3
Suppose 3 - 12 = -3*h. Suppose 4*j - 5 = z, -4*j + 14 = -5*z - 11. Let n = h + j. What is the units digit of n?
3
Let d(a) = 25*a - 1. What is the units digit of d(1)?
4
Let n(m) be the second derivative of -m**5/20 - m**4/6 + m**3/6 + 3*m**2/2 + 2*m. What is the units digit of n(-3)?
9
Let j(p) = p - 1. Let h be j(3). Let g(a) = -6*a - 2. Let q be g(-3). Suppose q = h*l - l. What is the tens digit of l?
1
Suppose -s = 3 - 23. What is the units digit of s?
0
Let t = -2 + 27. Let k = t - 17. Let u = -3 + k. What is the units digit of u?
5
Let v(t) = t - 4*t - 4 + 18*t**2 - 13*t**2. What is the tens digit of v(-3)?
5
Suppose 2*o = a - 5, -7*a + 25 = -2*a - 4*o. Let b = 11 - a. What is the units digit of b?
6
Let g be ((-3)/5)/(4/(-60)). Suppose 4*n = g*n. Suppose n = -s + 1. What is the units digit of s?
1
Let f = -88 - -181. Suppose -13 = 5*s - f. What is the units digit of s?
6
Suppose -4 = -5*g + 16. Suppose g = -a, -x = x + 4*a. What is the units digit of x?
8
Let m(n) = n**3 - 12*n**2 - 12*n - 11. Let x be m(13). What is the tens digit of (2/4)/(x/148)?
3
Suppose -3*u + 5 = -4*y - 11, 5*u - 5*y = 30. What is the units digit of u?
8
Suppose -3*z - 147 + 431 = -2*d, -2*z = 2*d - 196. Suppose -2*k = -6*k + z. What is the tens digit of k?
2
Let l be 8/(-20) + 24/10. Suppose 0 = -2*c + 3 - 1, l*s = -c + 41. What is the units digit of s?
0
Let z be 2 + -4 + 1 - -14. Let o = -8 + z. What is the units digit of o?
5
Let n = 256 - 106. What is the units digit of n?
0
Let p be (2 + 4)/(-1*1). What is the units digit of (-4 - p)/((-2)/(-3))?
3
Suppose 1 = u - 5. Suppose 4*t - u = t. What is the units digit of t?
2
Let q(a) be the second derivative of 2*a**3/3 + 11*a**2/2 + 2*a. What is the units digit of q(5)?
1
Suppose -3*p + 4*f + 126 = 0, 0*f + 3 = f. What is the tens digit of p?
4
Let t(c) = 12*c - 3. Let z be t(-3). Let x = -28 - z. What is the tens digit of x?
1
What is the units digit of 6/(-18) - 19/(-3)?
6
Let z = 6 + 35. What is the tens digit of z?
4
Let d(k) = -k**3 + k**2 + 8*k - 4. What is the units digit of d(3)?
2
Suppose f + 4*c + 14 = 0, -f - c = 3*f - 4. Suppose 0 = -d + f - 0. What is the units digit of d?
2
Suppose 2*v - 3*l + 2*l - 116 = 0, 5*v - 275 = -5*l. What is the tens digit of v?
5
Let d(s) = 7*s - 2. What is the units digit of d(9)?
1
Let s be (-4 + 1)/(-1 - -2). Let z be (-7)/(-3) - s/(-9). Suppose 0 = -3*y + z*y + 5. What is the units digit of y?
5
Let w be -1 + 6 - (3 - 2). Let d = w - 4. Suppose -31 = -4*o + 5*n - d*n, 4*o - 13 = -n. What is the units digit of o?
4
Let m be (-14)/4*44/(-77). Suppose -3*l + 12 = l + 5*v, -3*v + 4 = m*l. What is the units digit of l?
8
Let k = 21 - 57. Let p = -17 - k. Suppose 2*n = 5 + p. What is the tens digit of n?
1
Let v = 201 + -18. What is the tens digit of v?
8
Let s = -122 - -210. What is the units digit of s?
8
Let l = 187 + -133. What is the tens digit of l?
5
Suppose 3*k - 49 = 2*p + 28, 5*p = -3*k + 49. What is the units digit of k?
3
Suppose 3*c - 19 = 2. Let x = -15 - -9. Let d = c + x. What is the units digit of d?
1
Suppose 7*d - 8 = 3*d. Suppose 0 = 3*s - 4 - 8. Suppose o - 51 = -5*t + d*o, -4*o = s*t - 36. What is the tens digit of t?
1
Let q(t) = -t**2 - t + 7. Let n(k) be the third derivative of k**6/120 + k**5/30 + k**4/24 + 2*k**2. Let f be n(-1). What is the units digit of q(f)?
7
Suppose -8 - 7 = -3*